5375120?
240
Calculate the greatest common factor of 1254 and 1619474538.
1254
Calculate the greatest common divisor of 2911576 and 1200.
8
Calculate the highest common divisor of 20 and 348904.
4
Calculate the greatest common divisor of 2051 and 4182575.
293
What is the greatest common divisor of 10 and 68099730?
10
What is the highest common divisor of 55953388 and 248?
124
Calculate the highest common divisor of 1425886 and 3633476.
7238
Calculate the highest common factor of 408 and 38262648.
408
Calculate the highest common divisor of 3482 and 35479839.
1741
What is the greatest common factor of 1232548540 and 7390?
7390
What is the greatest common divisor of 41915636 and 56?
28
What is the greatest common divisor of 14930718 and 45408?
2838
Calculate the highest common divisor of 62859 and 9494442.
2733
Calculate the highest common factor of 4935 and 14562345.
105
What is the highest common factor of 15984 and 13455864?
2664
Calculate the highest common factor of 13082208 and 264.
24
Calculate the highest common divisor of 45 and 1464575.
5
Calculate the highest common divisor of 2603174 and 966.
14
Calculate the greatest common divisor of 150 and 452112075.
75
Calculate the highest common factor of 3146 and 163930.
26
Calculate the highest common divisor of 1211641151 and 1393.
1393
What is the highest common factor of 6967552 and 12512?
544
What is the greatest common factor of 1149012 and 459?
27
What is the greatest common factor of 6896616 and 120?
24
What is the greatest common divisor of 243643719 and 330?
33
What is the greatest common divisor of 255762 and 72774?
234
Calculate the highest common factor of 6631 and 173869.
19
What is the highest common divisor of 1206 and 1565394030?
1206
What is the greatest common divisor of 33 and 2112627?
33
What is the highest common factor of 12 and 40571220?
12
Calculate the highest common divisor of 244403874 and 5148.
2574
What is the highest common factor of 176008992 and 192?
96
Calculate the greatest common factor of 3688881 and 6783.
357
Calculate the highest common divisor of 10652 and 35947837.
2663
What is the highest common divisor of 8002955 and 5?
5
Calculate the highest common factor of 32364 and 6636186.
522
What is the highest common divisor of 5106 and 127785309?
2553
What is the highest common divisor of 16911969 and 3?
3
Calculate the highest common divisor of 57269351 and 1999.
1999
Calculate the greatest common factor of 28951144 and 848.
424
What is the highest common divisor of 276920 and 790?
10
What is the greatest common divisor of 24 and 4941440?
8
Calculate the greatest common factor of 692 and 14321459.
173
What is the highest common divisor of 1944 and 1795608?
648
Calculate the greatest common factor of 2048 and 546725376.
512
What is the greatest common factor of 178190 and 15?
5
What is the highest common factor of 21417 and 612502?
121
What is the greatest common divisor of 1854 and 199986?
6
Calculate the highest common divisor of 692954 and 1003.
17
Calculate the greatest common divisor of 4008200 and 35.
35
What is the greatest common factor of 280526710 and 59?
59
Calculate the greatest common divisor of 1076492 and 378212.
92
Calculate the greatest common factor of 9744 and 29249052.
2436
What is the greatest common factor of 3709146 and 748146?
1974
What is the highest common divisor of 354 and 605668689?
177
Calculate the highest common divisor of 62882461 and 2248.
281
What is the greatest common factor of 8587572 and 168?
84
Calculate the greatest common divisor of 820952 and 33440.
1672
Calculate the highest common divisor of 26290636 and 8496.
236
Calculate the highest common divisor of 1212468 and 25921.
529
Calculate the highest common divisor of 4200 and 21863940.
420
What is the greatest common divisor of 2012 and 88544?
4
What is the highest common factor of 266 and 187858909?
133
What is the highest common divisor of 20612124 and 318?
318
What is the greatest common divisor of 108241055 and 845?
65
Calculate the greatest common factor of 67073016 and 153537.
2517
What is the highest common divisor of 48 and 302100?
12
Calculate the highest common divisor of 8170569 and 1584.
99
Calculate the greatest common divisor of 1043825827 and 2794.
1397
What is the greatest common divisor of 16867 and 265697?
167
What is the greatest common factor of 13690048 and 512?
64
Calculate the highest common divisor of 18994242 and 414.
6
What is the highest common factor of 50616 and 6308?
76
Calculate the highest common factor of 9714 and 298986.
6
What is the greatest common factor of 20367 and 6088617?
279
What is the highest common divisor of 4928 and 431861056?
704
What is the greatest common factor of 5502038 and 3258?
362
Calculate the greatest common factor of 9481341 and 1684.
421
Calculate the greatest common factor of 10930700 and 418.
418
Calculate the highest common divisor of 5959156 and 14462.
14
Calculate the highest common divisor of 353872 and 18632.
136
What is the greatest common factor of 370680 and 7032?
24
What is the greatest common divisor of 200 and 18450200?
200
Calculate the highest common divisor of 246 and 2713110.
6
Calculate the greatest common divisor of 51995 and 850.
5
What is the highest common factor of 4736 and 129776?
16
Calculate the highest common factor of 2322 and 8318092.
86
What is the highest common divisor of 4314354 and 524?
262
What is the greatest common factor of 494384510 and 5894?
842
What is the greatest common factor of 70 and 591577308?
14
Calculate the highest common factor of 19599135 and 1662.
831
Calculate the greatest common factor of 17594 and 27989276.
926
Calculate the greatest common divisor of 47671 and 3232171.
193
Calculate the greatest common factor of 3769463 and 829.
829
Calculate the highest common factor of 516 and 182271711.
129
What is the highest common factor of 2947489 and 1121?
19
What is the highest common factor of 57 and 4169709?
3
What is the highest common divisor of 7581571 and 20?
1
Calculate the highest common divisor of 3424 and 26838382.
214
What is the highest common divisor of 3429 and 4567047?
381
Calculate the greatest common factor of 96265540 and 115661.
8897
Calculate the highest common divisor of 80 and 92730160.
80
Calculate the highest common factor of 23 and 2069704.
1
What is the highest common divisor of 3952 and 615752?
152
Calculate the greatest common divisor of 90436 and 52099.
983
Calculate the greatest common factor of 58460 and 537378935.
14615
What is the highest common divisor of 422 and 3823109?
211
Calculate the greatest common factor of 5559 and 312669661.
1853
What is the highest common factor of 5369707 and 21?
7
What is the highest common factor of 1764432 and 1008?
144
Calculate the highest common divisor of 2202410 and 1548330.
5110
What is the greatest common factor of 233013 and 6693?
69
Calculate the highest common factor of 10790550 and 432.
54
Calculate the greatest common factor of 10553518 and 8020.
802
What is the highest common factor of 141762 and 396?
6
Calculate the greatest common factor of 2880 and 710080.
320
Calculate the greatest common factor of 45830047 and 55831.
1801
What is the greatest common factor of 2233968 and 12648?
24
What is the greatest common divisor of 4545 and 59720795?
505
Calculate the highest common divisor of 219331680 and 192.
96
Calculate the greatest common divisor of 275815553 and 2642.
1321
Calculate the highest common divisor of 220 and 710180.
20
Calculate the greatest common factor of 327192030 and 135.
45
Calculate the greatest common divisor of 145132018 and 262.
262
What is the greatest common factor of 1297710540 and 140?
140
Calculate the greatest common factor of 5516113 and 138.
23
What is the greatest common factor of 7482 and 3634222?
58
Calculate the greatest common factor of 2295 and 10446585.
255
Calculate the highest common divisor of 1950 and 7471698.
78
Calculate the greatest common divisor of 9 and 104257053.
9
Calculate the greatest common factor of 55834286 and 31.
31
What is the greatest common divisor of 5 and 176977295?
5
Calculate the highest common factor of 5024 and 4497736.
1256
What is the greatest common factor of 361988 and 30096?
836
What is the greatest common f